{"id":738,"date":"2018-06-01T09:02:26","date_gmt":"2018-06-01T09:02:26","guid":{"rendered":"https:\/\/hidromentori.com\/index.php\/rehabilitation-of-the-water-supply-sewage-network-in-saranda\/"},"modified":"2018-06-13T11:08:06","modified_gmt":"2018-06-13T11:08:06","slug":"rehabilitation-of-the-water-supply-sewage-network-in-saranda","status":"publish","type":"page","link":"https:\/\/hidromentori.com\/index.php\/rehabilitation-of-the-water-supply-sewage-network-in-saranda\/?lang=sq","title":{"rendered":"Rehabilitimi i rrjetit t\u00eb furnizimit me uj\u00eb dhe kanalizimeve n\u00eb Sarand\u00eb"},"content":{"rendered":"<div class=\"wpb-content-wrapper\"><p>[vc_row][vc_column][vc_custom_heading text=&#8221;REHABILITIMI I RRJETIT T\u00cb FURNIZIMIT ME UJ\u00cb DHE KANALIZIMEVE N\u00cb SARAND\u00cb&#8221; font_container=&#8221;tag:h2|font_size:28px|text_align:left|color:%233466b8|line_height:30px&#8221; google_fonts=&#8221;font_family:Fira%20Sans%3A300%2C300italic%2C400%2C400italic%2C500%2C500italic%2C700%2C700italic|font_style:500%20bold%20regular%3A500%3Anormal&#8221;][vc_separator color=&#8221;custom&#8221; align=&#8221;align_left&#8221; border_width=&#8221;2&#8243; el_width=&#8221;20&#8243; accent_color=&#8221;#3466b8&#8243;][vc_column_text]Tender No. : ALB-ST-SW-1006-INT-STP-2013-SR<\/p>\n<p>Kontraktor: Strabag AG &amp; Trema Engineering 2 Sh.p.k \u2013 Nenkontraktor: Lala &amp; Shansi Shpk\u2013 Furnizues NT.Mentori Shpk[\/vc_column_text][vc_row_inner][vc_column_inner width=&#8221;1\/3&#8243;][vc_single_image image=&#8221;888&#8243; img_size=&#8221;full&#8221; alignment=&#8221;center&#8221; image_hovers=&#8221;false&#8221;][\/vc_column_inner][vc_column_inner width=&#8221;1\/3&#8243;][vc_single_image image=&#8221;890&#8243; img_size=&#8221;full&#8221; alignment=&#8221;center&#8221; image_hovers=&#8221;false&#8221;][\/vc_column_inner][vc_column_inner width=&#8221;1\/3&#8243;][vc_single_image image=&#8221;892&#8243; img_size=&#8221;full&#8221; alignment=&#8221;center&#8221; image_hovers=&#8221;false&#8221;][\/vc_column_inner][\/vc_row_inner][\/vc_column][\/vc_row][vc_row][vc_column][vc_column_text]<\/p>\n<table style=\"height: 530px;\" border=\"1\" width=\"617\">\n<tbody>\n<tr>\n<td style=\"font-size: 18px;\"><strong>No.<\/strong><\/td>\n<td style=\"font-size: 18px; weight: 900;\"><strong>Description<\/strong><\/td>\n<td style=\"font-size: 18px;\"><strong>Quantity Supplied<\/strong><\/td>\n<\/tr>\n<tr>\n<td><\/td>\n<td><strong>Short data for materials supplied from NT Mentori Shpk<\/strong><\/td>\n<td><\/td>\n<\/tr>\n<tr>\n<td>1<\/td>\n<td>HDPE 100 Pipes diameter 20-500 mm<\/td>\n<td>63.000 meter<\/td>\n<\/tr>\n<tr>\n<td>2<\/td>\n<td>Electrofusion Fittings, Couplings, Tees, Pressure Tapping Tees, Pressure Tapping Valves, Saddles, Bends, Reducers, End Caps,<\/p>\n<p>etc diameter 20-500 mm<\/td>\n<td>30.000 pieces<\/td>\n<\/tr>\n<tr>\n<td>3<\/td>\n<td>DCI Resilient Seated Gate Valves, Double Eccentric Butterfly Valves, Float Valve, Non Return Valve, Hydrants, Service Valves,<\/p>\n<p>Spindles, Surface Boxes, Flange Adaptors, Multi Joints, Dismantling Pieces, Repair Clamps, Pipe Saddle, Air Valves, Pressure<\/p>\n<p>Reduction Valves, Strainers,and accessories diameter 80 \u2013 500 mm<\/td>\n<td>5.000 pieces<\/td>\n<\/tr>\n<tr>\n<td>4<\/td>\n<td>DCI Fittings, Flanged Tee, Flanged Bends, Double Flanged Pipe, Flanged Spigot, Flenged Reducer, Blind Flanges, Flap Valves<\/p>\n<p>ect diameter 80-500 mm<\/td>\n<td>1.300 pieces<\/td>\n<\/tr>\n<tr>\n<td>5<\/td>\n<td>Domestic Water Meters and and Stop Valves diameter 15-50 mm<\/td>\n<td>13.500 Pieces<\/td>\n<\/tr>\n<tr>\n<td>6<\/td>\n<td>Electromagnetic Flow Meter DN 80-300 mm<\/td>\n<td>11 pieces<\/td>\n<\/tr>\n<tr>\n<td>7<\/td>\n<td>Leak and Pipe detection equipment<\/td>\n<td>24 pieces<\/td>\n<\/tr>\n<tr>\n<td>8<\/td>\n<td>Plastic Manhole DN 1000 mm for Sewage system and Hause connection chamber DN 625 mm<\/td>\n<td>140 pieces<\/td>\n<\/tr>\n<tr>\n<td>9<\/td>\n<td>Corrugated pipes OD 315 -630 mm SN 8<\/td>\n<td>3.500 meter<\/td>\n<\/tr>\n<\/tbody>\n<\/table>\n<p>[\/vc_column_text][\/vc_column][\/vc_row]<\/p>\n<\/div>","protected":false},"excerpt":{"rendered":"<p>[vc_row][vc_column][vc_custom_heading text=&#8221;REHABILITIMI I RRJETIT T\u00cb FURNIZIMIT ME UJ\u00cb DHE KANALIZIMEVE N\u00cb SARAND\u00cb&#8221; font_container=&#8221;tag:h2|font_size:28px|text_align:left|color:%233466b8|line_height:30px&#8221; google_fonts=&#8221;font_family:Fira%20Sans%3A300%2C300italic%2C400%2C400italic%2C500%2C500italic%2C700%2C700italic|font_style:500%20bold%20regular%3A500%3Anormal&#8221;][vc_separator color=&#8221;custom&#8221; align=&#8221;align_left&#8221; border_width=&#8221;2&#8243; el_width=&#8221;20&#8243; accent_color=&#8221;#3466b8&#8243;][vc_column_text]Tender No. : ALB-ST-SW-1006-INT-STP-2013-SR Kontraktor: Strabag AG &amp; Trema Engineering 2 Sh.p.k \u2013 Nenkontraktor: Lala &amp; Shansi Shpk\u2013 Furnizues NT.Mentori Shpk[\/vc_column_text][vc_row_inner][vc_column_inner width=&#8221;1\/3&#8243;][vc_single_image image=&#8221;888&#8243; img_size=&#8221;full&#8221; alignment=&#8221;center&#8221; image_hovers=&#8221;false&#8221;][\/vc_column_inner][vc_column_inner width=&#8221;1\/3&#8243;][vc_single_image image=&#8221;890&#8243; img_size=&#8221;full&#8221; alignment=&#8221;center&#8221; image_hovers=&#8221;false&#8221;][\/vc_column_inner][vc_column_inner width=&#8221;1\/3&#8243;][vc_single_image image=&#8221;892&#8243; img_size=&#8221;full&#8221; alignment=&#8221;center&#8221; image_hovers=&#8221;false&#8221;][\/vc_column_inner][\/vc_row_inner][\/vc_column][\/vc_row][vc_row][vc_column][vc_column_text] No.&hellip;<\/p>\n","protected":false},"author":2,"featured_media":0,"parent":0,"menu_order":0,"comment_status":"closed","ping_status":"closed","template":"","meta":{"footnotes":""},"class_list":["post-738","page","type-page","status-publish","hentry","description-off"],"_links":{"self":[{"href":"https:\/\/hidromentori.com\/index.php\/wp-json\/wp\/v2\/pages\/738","targetHints":{"allow":["GET"]}}],"collection":[{"href":"https:\/\/hidromentori.com\/index.php\/wp-json\/wp\/v2\/pages"}],"about":[{"href":"https:\/\/hidromentori.com\/index.php\/wp-json\/wp\/v2\/types\/page"}],"author":[{"embeddable":true,"href":"https:\/\/hidromentori.com\/index.php\/wp-json\/wp\/v2\/users\/2"}],"replies":[{"embeddable":true,"href":"https:\/\/hidromentori.com\/index.php\/wp-json\/wp\/v2\/comments?post=738"}],"version-history":[{"count":3,"href":"https:\/\/hidromentori.com\/index.php\/wp-json\/wp\/v2\/pages\/738\/revisions"}],"predecessor-version":[{"id":942,"href":"https:\/\/hidromentori.com\/index.php\/wp-json\/wp\/v2\/pages\/738\/revisions\/942"}],"wp:attachment":[{"href":"https:\/\/hidromentori.com\/index.php\/wp-json\/wp\/v2\/media?parent=738"}],"curies":[{"name":"wp","href":"https:\/\/api.w.org\/{rel}","templated":true}]}}